-5 + 9 - 8) - (-82 - 1)
95
Evaluate -892 - -907 - (18 - (12 - 5)).
4
What is (-86 + 18 - -154) + (0 - -3)?
89
Calculate 11 - (7 + (37 + (8 - -2) + -8 - -11)).
-46
What is (0 - (-9 + (72 + -72 - (0 + 1)))) + -40?
-30
What is the value of 7 + -39 + 52 + 37 + -11 + 0?
46
24 - (4 + 10 + 3) - (129 - (8 + -9))
-123
Evaluate -11 + -17 + -40 + 23.
-45
What is the value of 16 - (-12 + -4 + -12 + 5)?
39
What is the value of 1 - 8 - (-35 + -5 - -40) - -13?
6
Calculate 565 + -532 - (16 - 71).
88
What is the value of (-5 - (-1 + -2)) + 6 - ((-54 - -25) + 77)?
-44
What is (-2 - -4 - (-5 + (4 - 4))) + 878 + -749?
136
Evaluate 30 + 1 + (-7 - -4) - (281 - 266).
13
Evaluate 128 - 150 - (-1 + 2).
-23
What is (69 - (39 - 73)) + -41 + -36?
26
Calculate -9 - (23 - (1 + (-2 - -13) + 1)).
-19
What is the value of -18 + (-4 + 15 - 0) - (14 + 1)?
-22
What is the value of 94 - (1 - 7 - -4 - (-25 + -2 + 13))?
82
What is the value of 0 - 13 - (3 + (-47 - -25 - 65))?
71
Evaluate -2 - (4 + 13 + -5 + 6).
-20
Calculate (27 - 20) + -33 - -30.
4
What is 935 - 938 - (0 + 8 + 2) - -29?
16
What is -43 + 62 + -15 + -77?
-73
16 + (8 - (1 - -23 - 22))
22
What is the value of 39 + -37 - (1 + -4 + -123)?
128
What is the value of 0 + 4 - ((62 - (28 - (-22 + 29))) + 18)?
-55
-26 + (14 - 13) + (10 - (2 + -11)) + -12
-18
What is the value of -30 + (14 - (16 - 10)) + -6 + -3?
-31
What is the value of (9 - 0) + (-19 - (-72 - -13 - -37))?
12
(1 - -6) + -41 + (13 - 1 - 21 - -9)
-34
What is the value of (13 - (-56 - -113)) + (5 + -5 - -8)?
-36
Evaluate (-15 - (-55 + 27) - -89) + 20.
122
Evaluate -14 - (102 - 132 - (4 + (-15 - 0))).
5
(8 - 3) + 36 + -42 + -8 + 24
15
Calculate (24 - (27 + -54)) + 33.
84
Calculate -37 + (-12 - (-44 - -11 - -16)) + 4 + -21.
-49
(-37 + -15 - 65) + (-26 - -37 - (1 + -4))
-103
What is the value of 4 + -2 + 0 + 72 + 49 + (-289 - -43)?
-123
(-19 - (-18 + -19 - 8)) + 29
55
What is 124 - 55 - 56 - 45?
-32
Calculate -5 - (9 - 36) - (10 - 43).
55
Evaluate 55 + 148 + -93 + -74.
36
Evaluate (-29 + 69 - 6) + -11 - 40.
-17
Evaluate 0 + (2 - 0) - -1 - (-55 - (237 - 227)).
68
Calculate 47 + -183 + 146 + (-34 - (0 - -2)).
-26
What is 78 - (-2 - -11 - ((-15 - 4) + 10 + 4))?
64
Evaluate -40 + (135 - 93) + (9 - 2).
9
What is -4 + -2 - -3 - (-43 + 80 - -34) - -6?
-68
What is 41 + -83 + 23 - ((-5 - -64) + -3)?
-75
What is the value of (105 - (79 + -23)) + -7?
42
What is 22 + (12 - (81 - 25) - -3) + 57?
38
Calculate (-5 - (21 + -1)) + (-56 - 23 - -62).
-42
What is the value of -6 + 2 - (182 + -143)?
-43
Calculate -343 + 353 + (1 - 1 - -31).
41
What is -51 - (-14 + -18 + -17)?
-2
Calculate -2 + (5 - 0) + -2 - ((-1 - -42) + 11).
-51
What is (46 - -34) + -43 + 4?
41
Evaluate -141 + 11 + (-481 - -532).
-79
What is -1 + -8 + (12 - (-1 + 11)) + -3 + 2?
-8
Calculate 12 + ((-2 - -1) + -5 - (32 - 44)).
18
Evaluate -26 + -1 - (-150 + (-72 - -284)).
-89
Evaluate -24 - (-7 + (-19 - (18 + 6 - 75))).
-49
What is the value of -9 + (39 - (-8 + 36))?
2
Calculate 0 - 1 - 6 - ((-56 - 138) + 137).
50
What is the value of 28 + -35 + 16 + (1 - 5) - 2?
3
Calculate (-12 + (-9 - -13) + 1 - -13) + -13 + -4.
-11
Calculate (25 + (9 - 13) - 167) + 31.
-115
(-11 - (-5 - -2)) + (170 + 3 - 232)
-67
Calculate -31 + (-10 - (1219 - 1226 - (-1 + 1 + -4))).
-38
Calculate (449 - 451) + ((6 - 0) + -8 - (2 - 1)).
-5
(-20 - (18 + -66 + 36)) + 51
43
Calculate 3 + -16 + -26 + 18 + 44.
23
Evaluate 11 + (-25 + 4 - (0 + -18)) + 100.
108
8 - (35 + -26 - -26)
-27
Calculate -1 - 19 - (-107 - (-140 - -46)).
-7
3 - (-2 + 49) - (24 - 38 - -4)
-34
What is -1 - -3 - ((25 - 8) + -22 - (0 - 25))?
-18
Evaluate -78 + (76 - 129) - (-13 + -2 + 2).
-118
Evaluate 0 + -1 + 12 + -20.
-9
Evaluate 67 + (4 - (9 + -5)) + -20 + -9 + 23.
61
Evaluate -51 + (2 + (17 - 14) - -20).
-26
Calculate 111 + -34 - 94 - (0 + (-30 - -1)).
12
What is (-27 + -8 - -3) + (106 - 134)?
-60
What is -10 - (8 + 35) - (-2 + 2 + 28 + -34)?
-47
Evaluate 2 - -92 - (132 + -83 + -51).
96
(-11 - (-11 + 1 + -18 - 7)) + -8
16
What is the value of (-1 - (2 + -6 + 3)) + -42 + (-5 - -15)?
-32
21 + (6 - (-23 - (-13 - -7) - -27))
17
-7 - ((-10 - -11) + -2 - (5 - 2)) - 36
-39
What is -4 + -60 - ((-102 - -50) + 29)?
-41
Evaluate 2 + (7 + 5 - -4) + -10 + 5.
13
Calculate 79 - (32 + (-34 - -5) + -12).
88
Evaluate 13 + -51 + 702 + -713.
-49
What is (-31 - 18) + -76 + 92?
-33
Calculate -7 - (-1 - 4 - (12 - 4)) - 13.
-7
7 + -6 + -6 + 3 - 24
-26
What is (11 - 24 - (0 - 4)) + -65 + (0 - -42)?
-32
-487 + 546 + -3 + -14
42
What is (-3 - -31) + (-90 - -180) + -24?
94
Evaluate (-13 - (-10 + (0 - 8))) + 20.
25
Evaluate -4 - (5 - 6 - (-55 + 52)) - (31 - 0).
-37
What is the value of 339 + -374 + (9 - (-65 - -8))?
31
What is the value of -2 + (-10 + (-7 - -38) + -12 - (50 + 3))?
-46
What is -48 + (3 - (1 + 0)) + (390 - 379)?
-35
Evaluate (-439 - -461 - (-1 + 1 + 4)) + -26 + 34.
26
What is 7 + (-3 - (13 + -1)) + -5 - 25?
-38
Evaluate -26 + (6 - (-6 + 1 + 5)) + -69 + 78.
-11
What is the value of -38 - (-110 + -9 + (-46 - -11))?
116
Calculate (-117 + 220 - 141) + 58.
20
Calculate 13 - -17 - (72 + -26).
-16
Evaluate 13 - (53 + 106 + -237).
91
17 + 2 + 1752 + -1757
14
Calculate 67 + -25 + -56 + 26.
12
What is the value of (-3 - 0) + -48 + 30 + (7 + 3 - 30)?
-41
Calculate -45 - (-24 + -104 + 40).
43
(38 + -44 + 7 - (7 - -2)) + 94 + 6
92
Calculate 73 - (-4 + 17 - -82).
-22
Evaluate -18 + (2 - 4 - 14) + 18.
-16
-1 - 27 - ((32 - 70) + 52)
-42
What is the value of -26 + (-39 - -52) + 36?
23
What is the value of -11 + 1 - (-136 + 95 + 19)?
12
Evaluate -17 + (20 + -23 - 35 - -18).
-37
-61 + 48 + -34 + 17 + (-2 - 1)
-33
-13 - ((23 - (-24 - -20)) + -148)
108
Evaluate 6 + (-17 - -1 - (-6 - 7)) + 34 - 5.
32
Evaluate (-24 - (13 - -23)) + 35.
-25
Calculate -10 + (22 - (33 - 35)).
14
Calculate -11 + (-29 - (-11 - 9)) + -49.
-69
Calculate 4 + -66 + (202 - 173).
-33
What is the value of 25 + (-56 - (1 + -15))?
-17
Calculate -23 - -48 - 9 - (3 - (-143 + 6)).
-124
What is the value of ((8 - 20) + 19 - 7) + (-24 - -12)?
-12
What is 1 + (48 + -197 + 37 - (21 - 0))?
-132
What is 6 - (0 + 0 + 3 - 8 - (1 - -1))?
13
Evaluate -59 - -43 - ((17 - 23) + -1).
-9
What is the value of ((6 - -1) + -1 - -2) + 4 + (-19 - -3)?
-4
What is the value of 44 + -34 + (170 + -185 - (-1 - -47))?
-51
-18 - (20 - -25) - -54
-9
Evaluate (-207 - -219 - ((1 - -2) + (-4 - -7))) + 94.
100
-7 - 2 - (-94 - -82 - 35)
38
What is 27 + 33 + -69 - (2 - 12)?
1
What is (-1 - 12) + 27 - (83 - (1 + -5))?
-73
Evaluate -17 + -14 + -3 + -2 + 137.
101
Evaluate -104 + 139 + -91 - -13.
-43
Evaluate 9 + 3 + (61 - (1 + 14 + -4 + -7)).
69
Calculate 4 - (-98 - -4 - 9) - ((3 - 31) + 13).
122
-16 - (8 - (40 - 58 - (12 - 3)))
-51
(18 - -5 - -82) + -82
23
-94 - 0 - (-5849 + 5789)
-34
What is the value of 65 - (-124 + 125 + (0 - -8 - -2))?
54
What is -5 + 56 + ((-30 - -8) + 0 - -21)?
50
Evaluate (5 - 2 - 23) + (193 - 159).
14
Evaluate -82 - (-55 + 23) - ((-5 - 1) + -1).
-43
What is the value of 38 + -8 - (-29 - (-72 + -62))?
-75
What is (-6 - -12) + (-28 - -43 - -5)?
26
Evaluate 55 + -4 + 2 - (563 + -543).
33
23 + 1 - (2019 - 2041)
46
Evaluate 27 - (-52 - (-36 - 38)).
5
Calculate 21 + -1 + 3 + 11 + (7 - (3 - -12)).
26
What is the value of 393 + -297 + -128 + 11?
-21
Calculate -65 + -54 + 206 - 37.
50
What is the value of -3 - (-1 - 0 - 27) - (-2875 + 2887)?
13
Evaluate 1 + -17 - (29 - 42).
-3
What is the value of -22 - (34 - (110 + -19))?
35
1 + 27 + -27 + -26
-25
What is the value of -33 - (-3 + -43 - -37) - -46?
22
Calculate (44 + -24 - 5) + (9 - 24) + 53.
53
(-24 - 1) + (-10 + -37 + 34 - 3)
-41
107 - 46 - 157 - -38
-58
Calculate (292 - 375) + (33 - -8).
-42
Evaluate 72 + 9 + 86 + -124.
43
What is the value of (-15 - -4) + -17 - (-3 - 72)?
47
What is the value of -1 + (2 - (7 + 2 + -1) - (3 - -5))?
-15
What is the value of -47 - (-17 + 19 + -143)?
94
What is 50 - (-35 + -94 + 255)?
-76
Calculate 136 + -177 + 94 - -50.
103
What is the value of -17 - (-30 + 40 - 33) - 7?
-1
Evaluate -66 - -15 - (-122 + 50).
21
Calculate (-154 - -43 - -35) + 48.
-28
(6 - ((46 - 21) + -10)) + 22
13
What is 88 + (38 - 9 - 61)?
56
What is the value of 3 - (-3 + 0 + 0) - (25 + 33 + -52)?
0
What is the value of (4 - (-123 - (5 + -4))) + -102 + (-10 - -127)?
143
What is the value of 7 - (1 + -2 - (-6 + 1 -